Suppose -d*i + 1190 = -3*i. What are the prime factors of i?
2, 5, 17
Suppose 92*v - 344559 = 501933. List the prime factors of v.
3, 3067
Suppose -4*k = 4*y - 76, 4*k + 3*y = -10 + 87. List the prime factors of 4/(-1)*(-2005)/k.
401
List the prime factors of (602/86)/(1/2874).
2, 3, 7, 479
Suppose 3*z = -h - 478, 5*h - 154 = -0*z + z. Let v = z - -169. List the prime factors of v.
2, 5
Let r(v) = -2*v**3 + 24*v**2 + 25*v + 12. Let n be r(13). List the prime factors of 120/20 - (-1190 - n).
5, 239
Let y be ((-30)/(-25))/(9/60). Let r(n) = -y + 10 - n + 11 + 3. List the prime factors of r(8).
2
Let i(d) = -2*d**2 - 13*d + 8. Let f be i(-7). Let w(a) = -19*a**3 - 2*a + 1. Let u be w(f). List the prime factors of (228/(-10))/(106/u - -5).
2, 19
Suppose -161 - 29 = -19*k. What are the prime factors of (18 - -4)*425/k?
5, 11, 17
Let p be ((-4)/(-9))/4 - 116995/(-45). Suppose -5*n - 20*h = -15*h - p, 1560 = 3*n - 2*h. What are the prime factors of n?
2, 5, 13
Suppose 3*n - 2*p = 22814, -n + 2511 = -2*p - 5099. What are the prime factors of n?
2, 3, 7, 181
Suppose 37*n - 41*n - 472 = 0. Let t = n - -263. Let m = t + -70. What are the prime factors of m?
3, 5
Suppose 7*t - 12112 = -t. Suppose -t = -3*c - q, -5*c - 269 = 5*q - 2779. List the prime factors of c.
2, 11, 23
Suppose 112*t = 108*t - 6892. Let b = 3405 + t. List the prime factors of b.
2, 29
List the prime factors of (-2 - (-20776)/(-24))/((-9)/108).
2, 19, 137
Let x = 212 + -262. List the prime factors of ((-60)/x)/(1/225).
2, 3, 5
Suppose -4*j + 21896 = -451*c + 448*c, -4*j + 2*c + 21892 = 0. List the prime factors of j.
5471
Let s = -51992 - -99810. List the prime factors of s.
2, 23909
What are the prime factors of 0/(-2) + (13591/2)/(16/32)?
13591
Let p be ((-37)/2)/((-1 + 7)/72). Let q = 1090 + p. What are the prime factors of q?
2, 7, 31
Suppose 39*p - 33*p = 4410. Let f = p + -237. List the prime factors of f.
2, 3, 83
Suppose -3*m + 6130 = 2*w - 19666, -w - 2*m + 12902 = 0. List the prime factors of w.
2, 17, 379
Suppose 0 = 340*y - 87323 - 1668437. List the prime factors of y.
2, 1291
Let o(w) = 3*w**2 - 108*w + 649. List the prime factors of o(-147).
2, 10169
Suppose 3*t + 17712 = j - t, -3*t = j - 17740. What are the prime factors of j?
2, 277
Suppose 20*i + 882 = 14*i. Let g = 64 - i. What are the prime factors of g?
211
Suppose 2*f + 1741 = 6567. Suppose 8*q - 10957 = -f. What are the prime factors of q?
2, 3, 89
Let v = -2661 - -2869. List the prime factors of v.
2, 13
Let v be (-4)/14 - 111/(-21). Let x = 7 - v. Suppose -x*f - 3*l = -237, -3*f + 2*l - 3*l + 352 = 0. List the prime factors of f.
3, 13
Let q(u) = -u**3 + 2*u**2 + 6*u - 6. Let t be q(4). Let k be (-4)/t*1 - 4320/(-21). Let n = -61 + k. What are the prime factors of n?
5, 29
Let v(y) = 32*y - 22. Let k be v(10). Let l = k + -110. Let t = l - 61. What are the prime factors of t?
127
Let p(s) = -s**3 + 13*s**2 - s + 10. Let v = 254 + -244. What are the prime factors of p(v)?
2, 3, 5
Let j be (-250)/(-20)*2*2. Let v be (-3)/((-53)/j + 1). Let m = 83 - v. List the prime factors of m.
3, 11
Let m(g) = -g**2 + 10*g + 3. Let j be m(13). Let y = j + 11. Let c = 128 + y. What are the prime factors of c?
103
Let s(f) = 4*f**3 - 6*f**2 + 5*f - 5. Let i be s(4). Suppose -i*n + 10227 = -168*n. What are the prime factors of n?
3, 487
Let t = 228 + -213. Suppose -t*z + 8540 = 5*z. What are the prime factors of z?
7, 61
Suppose -7*f + 148458 = -14971. What are the prime factors of f?
37, 631
Let r = 243 - -104. Suppose -r*d + 2116 = -343*d. What are the prime factors of d?
23
Suppose 2*x - x - 15 = -3*y, 3*y = 3. Let h(p) = 69*p**2 + 4*p + 3. Let c be h(-3). What are the prime factors of c/(-8)*x/(-9)?
2, 3, 17
Let n(o) = -4*o**2 + 109*o - 19. Let j be n(27). List the prime factors of (-6 + j)*(-1325)/(-10).
5, 53
Let c(r) = -r**3 - 15*r**2 - 14*r + 17. Let y = 1 - -3. Suppose 54 = -3*m - 7*a + 3*a, 0 = y*m + 5*a + 71. List the prime factors of c(m).
17
Let i be 3/(-6)*-3 - 6590/(-20). Let y = -217 + i. List the prime factors of y.
2, 3, 19
Suppose -916*l = -913*l + 3018. Let w = 1785 + l. List the prime factors of w.
19, 41
Suppose 0*f = -f + 4*s + 8, 3*f + 3*s = 99. Let x = 28 - f. Suppose 0 = 3*r + 9, -4*t + 3*r - r + 154 = x. What are the prime factors of t?
37
Suppose -117 - 92 = 19*s. Let n(q) = q**3 + 12*q**2 - 23*q - 22. List the prime factors of n(s).
2, 11
Suppose -8*b = -12*b + 5*p - 5, -4*p = -2*b - 4. Suppose 0 = -2*t - b*t + 3*u + 1363, 4*t + 2*u - 2766 = 0. List the prime factors of t.
13, 53
Suppose 9*w - 5*w - 2*h - 4270 = 0, 5338 = 5*w - 3*h. What are the prime factors of w?
11, 97
Let i be (0 + 2)/6 - 14/(-21). What are the prime factors of 6 + i + (71 - 6)?
2, 3
Suppose 5*r = 4*w + 1318, -14*w + 11*w = -9. Suppose -262*f - 1340 = -r*f. What are the prime factors of f?
5, 67
Suppose 0 = -54*k + 1773567 + 411921. List the prime factors of k.
2, 5059
Let m(z) = 176*z - 129. Let g be m(8). Suppose -1 = -p, p = 3*i - p - g. What are the prime factors of i?
7, 61
Suppose -y + 4894 = d, -2*y + d + 1368 = -8420. What are the prime factors of y?
2, 2447
Suppose -3*j + 66 = s - 8, 4*j + 2*s = 102. Suppose j*z - 5715 = 8*z. List the prime factors of z.
3, 127
Let f = -29 - -27. Let d be (f/2 + 2)/(6/330). Let x = d - 18. List the prime factors of x.
37
Let q(x) = -x**3 + 3*x**2 + x + 232. Let h = -101 - -101. List the prime factors of q(h).
2, 29
Let g(n) = 4*n + 100. Suppose -45 = -q - 56. List the prime factors of g(q).
2, 7
Suppose 0 = -3*x + u + 609, 4*x + 0*u - 5*u - 823 = 0. Let y = 214 + x. List the prime factors of y.
2, 13
Suppose 0 = -z + 3*c - 3, z - 6*c + c = -9. Let k(q) = 52*q - 1. List the prime factors of k(z).
311
Let x be 63/(-42)*1/3*0. Suppose 16*j - 12*j - 1228 = x. List the prime factors of j.
307
Let q be (65/(-39))/((-2)/6). Suppose -j + z - 172 = -0*z, -3*j - q*z - 492 = 0. Let d = j - -342. What are the prime factors of d?
173
Let r(q) = -q**2 + 12*q - 38. Let a be r(18). Let m = a - 23. Let b = 0 - m. What are the prime factors of b?
13
Let g = 33 - 17. Let w = g - 23. Let h(o) = o**3 + 10*o**2 + 5*o - 14. List the prime factors of h(w).
2, 7
Let j(i) = 63*i**3 + i**2 + 26*i + 66. List the prime factors of j(6).
2, 3, 2311
Let j be 0 - 0 - (113 - (-1 + 4)). List the prime factors of (-45)/(-30)*(j/(-6) - -1).
29
Let k(g) = 162*g - 315*g + 9 + 158*g. Let z = 26 + -12. What are the prime factors of k(z)?
79
Suppose -a = -4*x + 209110, 3*x = -5*a + a + 156842. What are the prime factors of (-2)/(-7) + x*(-1)/(-42)?
3, 5, 83
Let k be (4/16 + 1)*24. Suppose 4*r + 33 + 75 = 0. Let p = k - r. What are the prime factors of p?
3, 19
Suppose 49 = i + 6. Let x = i - 41. Suppose -x = -u + 78. List the prime factors of u.
2, 5
Suppose 0 = 53*n - 71*n + 78912. List the prime factors of n.
2, 137
Let t be (874/(-57))/((-4)/222). Let h = 1231 - t. List the prime factors of h.
2, 5, 19
Let w(g) = -g**2 + 4*g. Let h(f) = 17*f**2 + 38*f - 46. Let x(k) = h(k) - 6*w(k). List the prime factors of x(4).
2, 3, 7
Suppose 4*x + 0*n = -5*n + 11753, 4*x + 4*n - 11756 = 0. What are the prime factors of x?
2, 1471
Let j = 13822 + -12606. List the prime factors of j.
2, 19
Let d(a) = 1368*a - 185. Let h be d(7). Suppose 32*z = h + 241. What are the prime factors of z?
7, 43
Let p(v) be the first derivative of 40*v**2 + 3*v - 21. Let q be p(3). Suppose -q - 72 = -5*k. What are the prime factors of k?
3, 7
Suppose 0 = -127*a + 135*a - 9696. What are the prime factors of a?
2, 3, 101
Suppose s = 2*x + 13, 0 = 3*x + s + 9 + 3. Let v = x - -6. What are the prime factors of v - 71*(4 - 5)?
2, 3
Let b(d) = 3*d**3 - 34*d**2 + 13*d + 3. Let r be b(15). Suppose -r - 85 = -14*m. List the prime factors of m.
197
Let j = 34284 - 32211. List the prime factors of j.
3, 691
Suppose 50*c - 53*c - 6003 = 0. Let v = -1390 - c. Suppose 7*p = 2*p - 3*o + v, 5*o = -3*p + 373. List the prime factors of p.
11
Let t = -106 - -113. Suppose -5*q + 723 = 4*y, t*q - 5*q = 4*y - 702. What are the prime factors of y?
3, 59
Let t(w) = -28*w + 26. Suppose -10*k = 17*k + 324. List the prime factors of t(k).
2, 181
Let o(x) = -1 + 2 - 245*x**3 + 2*x + 2 + 10*x**2 + 246*x**3. What are the prime factors of o(-7)?
2, 17
Let i be (24/(-16))/(2/(-4)). Suppos